5?
-13020412
What is -44933d (base 16) in base 9?
-8408720
af9f7 (base 16) to base 12
2a835b
Convert 302402152 (base 6) to base 4.
103230223310
-2402324343 (base 5) to base 4
-111001200313
22b533 (base 12) to base 10
558903
Convert 210122111210 (base 3) to base 2.
1101000000001111100
10324304 (base 5) to base 6
1525321
-30312011103 (base 4) to base 15
-467a86
15c0488 (base 14) to base 9
22077860
What is 111100000011011100111 (base 2) in base 14?
393207
What is -102010000 (base 5) in base 16?
-67264
What is -44de6 (base 16) in base 13?
-9b51c
3782534 (base 12) to base 10
10869880
Convert -421012 (base 9) to base 13.
-89a83
Convert -c105aa (base 13) to base 9.
-8385312
36623200 (base 7) to base 14
616770
Convert -92eb3 (base 16) to base 14.
-119443
What is -885179 (base 10) in base 7?
-10344461
2020011121122 (base 3) to base 14
22b881
What is -16e51 (base 16) in base 11?
-64502
Convert -c248a3 (base 14) to base 15.
-893bc2
Convert -d772 (base 14) to base 2.
-1001000100011000
Convert -3230453 (base 6) to base 12.
-78429
8e91d (base 16) to base 9
1080040
What is 10011000010011111 (base 2) in base 9?
127867
What is -36323210 (base 7) in base 2?
-1100010101010001110000
6018 (base 16) to base 12
122a0
What is 368083 (base 13) in base 8?
4760620
What is -411043424 (base 5) in base 3?
-10010022001022
Convert -162198 (base 16) to base 7.
-15220356
What is 2a5aba9 (base 12) in base 9?
17131543
Convert -73901 (base 13) to base 11.
-132338
What is 4420344400 (base 5) in base 15?
c87b85
What is 7b3287 (base 12) in base 5?
1001203440
Convert -13254882 (base 9) to base 4.
-120322223321
What is -756166 (base 10) in base 12?
-30571a
Convert 200202213121 (base 4) to base 15.
b377cd
-233140214 (base 5) to base 11
-66a5a7
12f6b (base 16) to base 14
20443
Convert -22221020202021 (base 3) to base 8.
-22072354
What is 204256121 (base 7) in base 5?
11041013224
-29a63a (base 15) to base 14
-3a449c
301424420 (base 5) to base 2
100100101011011000100
What is -332845 (base 15) in base 10?
-2438615
-2086958 (base 10) to base 9
-3830682
Convert -100010010110100000 (base 2) to base 15.
-2ba54
Convert 110110001111110111000 (base 2) to base 3.
10100022101202
5832797 (base 10) to base 13
1292b79
1882974 (base 10) to base 2
111001011101101011110
Convert -72235 (base 10) to base 6.
-1314231
What is -3213322011 (base 4) in base 5?
-220344033
Convert -c7588 (base 14) to base 2.
-1110101100000010100
70494 (base 13) to base 2
110001000000010100
Convert -110697 (base 11) to base 16.
-2b18c
Convert -1311666 (base 9) to base 3.
-1100101202020
What is 5762238 (base 9) in base 12?
1060815
Convert -100210202000122 (base 3) to base 4.
-103320030131
Convert 52297c (base 13) to base 2.
111010100101001110101
What is 250b9 (base 14) in base 10?
90715
What is f29af (base 16) in base 12?
3bb093
7449d (base 14) to base 11
181a83
What is -88c5 (base 14) in base 7?
-126035
11010100110010011111 (base 2) to base 11
545919
Convert -10375736 (base 8) to base 13.
-5cc966
Convert -3016145 (base 9) to base 8.
-6077404
What is -111010011111001000001 (base 2) in base 3?
-10121100220210
Convert 4010231023 (base 5) to base 11.
4505608
Convert -100111111111111100100 (base 2) to base 14.
-26192c
-251792 (base 16) to base 5
-1110241431
2024324 (base 5) to base 3
1200101112
What is -12212211221100 (base 3) in base 16?
-2fb56c
-4122314044 (base 5) to base 4
-200003003331
201101221 (base 4) to base 13
4a065
Convert -1010010010110110110 (base 2) to base 15.
-69e3e
7088334 (base 9) to base 7
44055364
What is -236098 (base 11) in base 3?
-201000012020
What is -2110300333 (base 4) in base 8?
-2246077
What is 37b12 (base 13) in base 2?
11001001000011000
1010111111101010000000 (base 2) to base 9
5372537
What is 32010331 (base 4) in base 12?
29451
Convert -a1abb (base 13) to base 9.
-481284
What is 183bc8 (base 16) in base 10?
1588168
-1153255111 (base 6) to base 3
-221001201202121
-2029801 (base 11) to base 3
-20202011011211
What is -1010001111111010010 (base 2) in base 3?
-122001200000
What is -209606 (base 11) in base 13?
-b951b
Convert -386a5 (base 15) to base 5.
-21233010
Convert 92140 (base 16) to base 6.
20454024
Convert -34ba5 (base 12) to base 11.
-49240
What is -37541145 (base 8) in base 14?
-1163629
Convert -100d3 (base 14) to base 11.
-27002
Convert 1025022 (base 6) to base 16.
c4a6
Convert -b290b (base 13) to base 6.
-10505533
Convert 1110100001001110101 (base 2) to base 15.
95e7a
What is -10001100011010000010 (base 2) in base 13?
-1719cc
What is -78aa (base 13) in base 4?
-10013213
Convert -1b59 (base 12) to base 14.
-1337
What is -2133244414 (base 5) in base 10?
-4587484
What is -464363 (base 7) in base 2?
-10100010011111110
Convert 11222100120 (base 3) to base 11.
67650
What is -113321301130 (base 4) in base 3?
-102210100021011
-1887416 (base 10) to base 4
-13030302320
What is 1010012302 (base 4) in base 6?
5551254
Convert 126151624 (base 7) to base 5.
4041202443
What is -1121213000 (base 5) in base 13?
-6a4434
Convert -20130210 (base 4) to base 8.
-103444
What is -8611 (base 16) in base 3?
-1202002011
13301442 (base 6) to base 12
194882
Convert -2001020202000 (base 3) to base 9.
-2036660
Convert -12511525 (base 6) to base 9.
-700608
-19049 (base 14) to base 16
-f6c9
-3011764 (base 11) to base 2
-10100010101101001110100
12b50b (base 13) to base 7
3565656
-5440a (base 16) to base 11
-216306
1e403d (base 15) to base 7
15410530
Convert 14445511 (base 6) to base 15.
9e57a
Convert 2890270 (base 10) to base 13.
7a2726
Convert -120853 (base 13) to base 7.
-3440110
10101011001000010111101 (base 2) to base 9
11486171
-62db8 (base 14) to base 13
-84851
Convert -14545022 (base 6) to base 16.
-7cee6
Convert -2162204 (base 9) to base 12.
-480ba1
-2112102200201 (base 3) to base 2
-101001000110110011000
What is -1200222112111 (base 3) in base 14?
-197ba8
Convert -307758 (base 13) to base 2.
-100010100000000010010
Convert -10240403 (base 5) to base 2.
-10101001111000010
Convert 10012002011200 (base 3) to base 2.
110011101101001110010
What is 100101100010011111010 (base 2) in base 14?
2403c6
-50305413 (base 6) to base 7
-15051210
What is 85cf1c (base 16) in base 14?
1243b52
Convert -1331001101 (base 4) to base 16.
-7d051
-2362517 (base 8) to base 10
-648527
5201a8 (base 11) to base 9
1512078
What is 163aa3 (base 15) in base 3?
2000122112000
2010454 (base 6) to base 16
17242
Convert -323411013 (base 5) to base 7.
-14541254
Convert 18383044 (base 9) to base 5.
4333010414
What is -36b27 (base 12) in base 14?
-1d075
What is 92495 (base 10) in base 12?
4563b
1761b4 (base 12) to base 9
676041
What is 11374354 (base 8) in base 13?
691925
What is -4612300 (base 7) in base 3?
-1002012022011
-ab6a8 (base 12) to base 16
-37820
-5625136 (base 7) to base 9
-1270257
What is 1479a (base 12) in base 3?
1110110201
Convert -1010001001000111001111 (base 2) to base 5.
-1140040032
What is -1010010001101100101 (base 2) in base 12?
-142a59
What is 160152 (base 8) in base 14?
16d18
Convert -1281759 (base 15) to base 7.
-221133045
Convert -2cc01 (base 15) to base 12.
-6b717
What is 2701126 (base 8) in base 11?
475763
What is 1644727 (base 12) in base 14?
86d595
What is -1211200003 (base 5) in base 14?
-53ad18
What is -101101011011111100001 (base 2) in base 16?
-16b7e1
-33ab7 (base 15) to base 6
-3305114
What is 194100 (base 10) in base 9?
325226
Convert -254300 (base 9) to base 8.
-454716
6d3a27 (base 14) to base 10
3736579
20201122001 (base 3) to base 2
100000010100111001
What is 108861 (base 15) in base 5?
200211031
13100111 (base 5) to base 3
20111210112
-144015415 (base 6) to base 9
-5554422
62b3a (base 12) to base 16
1f9de
Convert -2341103222 (base 5) to base 12.
-198a818
836439 (base 11) to base 14
26c907
4640043 (base 7) to base 5
122043243
cb984 (base 14) to base 4
1320120000
What is -53473 (base 8) in base 5?
-1203311
1641041 (base 7) to base 11
146718
18a4486 (base 14) to base 10
12228166
439464 (base 10) to base 5
103030324
What is 2025a (base 15) in base 16?
18d99
Convert -110312110 (base 4) to base 10.
-85396
17da75 (base 15) to base 16
11b331
11203771 (base 8) to base 14
472601
41505534 (base 6) to base 3
2021022002111
-2020111111212 (base 3) to base 13
-329045
-26762460 (base 8) to base 15
-7de668
-bd00ed (base 16) to base 4
-233